ed by 54?
12
What is the remainder when 869 is divided by 43?
9
Calculate the remainder when 141 is divided by 17.
5
What is the remainder when 1376 is divided by 30?
26
Calculate the remainder when 1798 is divided by 1.
0
What is the remainder when 122 is divided by 110?
12
What is the remainder when 258 is divided by 34?
20
Calculate the remainder when 717 is divided by 36.
33
Calculate the remainder when 252 is divided by 3.
0
What is the remainder when 32 is divided by 5?
2
What is the remainder when 906 is divided by 668?
238
Calculate the remainder when 2596 is divided by 519.
1
What is the remainder when 173 is divided by 29?
28
What is the remainder when 558 is divided by 81?
72
What is the remainder when 499 is divided by 9?
4
What is the remainder when 12625 is divided by 207?
205
Calculate the remainder when 3184 is divided by 54.
52
What is the remainder when 74 is divided by 25?
24
What is the remainder when 70 is divided by 53?
17
What is the remainder when 861 is divided by 34?
11
Calculate the remainder when 394 is divided by 118.
40
Calculate the remainder when 1399 is divided by 29.
7
Calculate the remainder when 379 is divided by 124.
7
What is the remainder when 13827 is divided by 10?
7
Calculate the remainder when 3942 is divided by 57.
9
What is the remainder when 281 is divided by 72?
65
Calculate the remainder when 69 is divided by 4.
1
What is the remainder when 983 is divided by 8?
7
What is the remainder when 494 is divided by 118?
22
What is the remainder when 252 is divided by 120?
12
Calculate the remainder when 158 is divided by 7.
4
Calculate the remainder when 242 is divided by 26.
8
What is the remainder when 2175 is divided by 136?
135
Calculate the remainder when 345 is divided by 124.
97
Calculate the remainder when 175 is divided by 48.
31
Calculate the remainder when 389 is divided by 7.
4
What is the remainder when 1932 is divided by 600?
132
Calculate the remainder when 259 is divided by 8.
3
What is the remainder when 797 is divided by 14?
13
What is the remainder when 31 is divided by 5?
1
What is the remainder when 313 is divided by 15?
13
What is the remainder when 4 is divided by 2?
0
Calculate the remainder when 791 is divided by 163.
139
What is the remainder when 11775 is divided by 310?
305
Calculate the remainder when 346 is divided by 82.
18
What is the remainder when 407 is divided by 82?
79
Calculate the remainder when 311 is divided by 26.
25
What is the remainder when 88 is divided by 72?
16
Calculate the remainder when 124 is divided by 26.
20
Calculate the remainder when 335 is divided by 57.
50
Calculate the remainder when 330 is divided by 67.
62
What is the remainder when 539 is divided by 109?
103
Calculate the remainder when 124 is divided by 38.
10
Calculate the remainder when 203 is divided by 42.
35
What is the remainder when 1009 is divided by 44?
41
Calculate the remainder when 108 is divided by 101.
7
What is the remainder when 1221 is divided by 49?
45
Calculate the remainder when 93 is divided by 19.
17
Calculate the remainder when 2987 is divided by 5.
2
Calculate the remainder when 1931 is divided by 17.
10
What is the remainder when 30246 is divided by 76?
74
Calculate the remainder when 25648 is divided by 50.
48
Calculate the remainder when 2365 is divided by 342.
313
Calculate the remainder when 3453 is divided by 18.
15
Calculate the remainder when 1344 is divided by 123.
114
What is the remainder when 74 is divided by 21?
11
Calculate the remainder when 694 is divided by 25.
19
Calculate the remainder when 692 is divided by 99.
98
What is the remainder when 85 is divided by 33?
19
Calculate the remainder when 478 is divided by 48.
46
What is the remainder when 1060 is divided by 118?
116
Calculate the remainder when 417 is divided by 35.
32
What is the remainder when 329 is divided by 48?
41
Calculate the remainder when 3639 is divided by 14.
13
What is the remainder when 907 is divided by 91?
88
What is the remainder when 1684 is divided by 7?
4
Calculate the remainder when 486 is divided by 77.
24
What is the remainder when 133 is divided by 34?
31
What is the remainder when 1781 is divided by 21?
17
What is the remainder when 158 is divided by 32?
30
What is the remainder when 251 is divided by 18?
17
Calculate the remainder when 2120 is divided by 701.
17
What is the remainder when 205 is divided by 16?
13
Calculate the remainder when 116 is divided by 58.
0
Calculate the remainder when 346 is divided by 59.
51
What is the remainder when 152 is divided by 69?
14
Calculate the remainder when 17 is divided by 3.
2
What is the remainder when 573 is divided by 49?
34
What is the remainder when 96 is divided by 31?
3
What is the remainder when 396 is divided by 16?
12
Calculate the remainder when 160 is divided by 16.
0
What is the remainder when 7364 is divided by 53?
50
What is the remainder when 86 is divided by 5?
1
What is the remainder when 359 is divided by 19?
17
What is the remainder when 1528 is divided by 483?
79
What is the remainder when 404 is divided by 12?
8
Calculate the remainder when 290 is divided by 186.
104
Calculate the remainder when 5287 is divided by 36.
31
What is the remainder when 72 is divided by 58?
14
Calculate the remainder when 190 is divided by 13.
8
What is the remainder when 90 is divided by 85?
5
Calculate the remainder when 908 is divided by 35.
33
What is the remainder when 17542 is divided by 270?
262
Calculate the remainder when 220 is divided by 63.
31
Calculate the remainder when 610 is divided by 239.
132
Calculate the remainder when 1726 is divided by 133.
130
What is the remainder when 1077 is divided by 1042?
35
Calculate the remainder when 325 is divided by 63.
10
What is the remainder when 139 is divided by 8?
3
What is the remainder when 1608 is divided by 70?
68
Calculate the remainder when 73 is divided by 21.
10
Calculate the remainder when 38 is divided by 35.
3
What is the remainder when 1238 is divided by 70?
48
What is the remainder when 757 is divided by 19?
16
What is the remainder when 4443 is divided by 78?
75
What is the remainder when 563 is divided by 83?
65
What is the remainder when 128 is divided by 11?
7
Calculate the remainder when 1319 is divided by 61.
38
What is the remainder when 299 is divided by 50?
49
Calculate the remainder when 695 is divided by 363.
332
What is the remainder when 194 is divided by 44?
18
Calculate the remainder when 1371 is divided by 457.
0
What is the remainder when 89 is divided by 46?
43
What is the remainder when 301 is divided by 103?
95
What is the remainder when 353 is divided by 59?
58
What is the remainder when 27 is divided by 10?
7
Calculate the remainder when 8096 is divided by 89.
86
Calculate the remainder when 69 is divided by 29.
11
Calculate the remainder when 160 is divided by 14.
6
What is the remainder when 2307 is divided by 35?
32
What is the remainder when 1579 is divided by 93?
91
Calculate the remainder when 178 is divided by 118.
60
What is the remainder when 87 is divided by 15?
12
Calculate the remainder when 127 is divided by 53.
21
Calculate the remainder when 2125 is divided by 71.
66
Calculate the remainder when 529 is divided by 19.
16
What is the remainder when 207 is divided by 16?
15
What is the remainder when 397 is divided by 43?
10
What is the remainder when 1628 is divided by 102?
98
Calculate the remainder when 741 is divided by 107.
99
What is the remainder when 810 is divided by 199?
14
Calculate the remainder when 78 is divided by 11.
1
Calculate the remainder when 423 is divided by 53.
52
Calculate the remainder when 369 is divided by 60.
9
Calculate the remainder when 1509 is divided by 18.
15
Calculate the remainder when 497 is divided by 190.
117
What is the remainder when 1199 is divided by 15?
14
What is the remainder when 3508 is divided by 24?
4
Calculate the remainder when 28 is divided by 12.
4
What is the remainder when 175 is divided by 125?
50
What is the remainder when 469 is divided by 79?
74
Calculate the remainder when 84 is divided by 65.
19
Calculate the remainder when 428 is divided by 48.
44
Calculate the remainder when 41 is divided by 31.
10
What is the remainder when 464 is divided by 31?
30
What i